23481?
2
What is the thousands digit of 465444?
5
What is the hundred thousands digit of 1643728?
6
What is the units digit of 3147186?
6
What is the hundreds digit of 99397?
3
What is the thousands digit of 381503?
1
What is the millions digit of 4033024?
4
What is the units digit of 749444?
4
What is the units digit of 1408470?
0
What is the units digit of 14118679?
9
What is the hundreds digit of 938819?
8
What is the millions digit of 2177176?
2
What is the hundreds digit of 27360431?
4
What is the hundred thousands digit of 165760?
1
What is the units digit of 4237527?
7
What is the ten thousands digit of 3696634?
9
What is the hundred thousands digit of 251429?
2
What is the thousands digit of 4731129?
1
What is the hundred thousands digit of 762818?
7
What is the hundreds digit of 135654?
6
What is the hundred thousands digit of 22496181?
4
What is the ten thousands digit of 223035?
2
What is the ten thousands digit of 100688?
0
What is the millions digit of 15238110?
5
What is the hundreds digit of 284482?
4
What is the units digit of 7850284?
4
What is the units digit of 3151186?
6
What is the hundred thousands digit of 2651366?
6
What is the hundreds digit of 175331?
3
What is the hundreds digit of 10481485?
4
What is the hundred thousands digit of 2868241?
8
What is the thousands digit of 12596133?
6
What is the ten thousands digit of 202330?
0
What is the millions digit of 16392217?
6
What is the hundreds digit of 149570?
5
What is the hundred thousands digit of 743734?
7
What is the thousands digit of 274087?
4
What is the units digit of 209133?
3
What is the millions digit of 4136875?
4
What is the hundred thousands digit of 1456773?
4
What is the thousands digit of 205929?
5
What is the tens digit of 18028012?
1
What is the hundred thousands digit of 170503?
1
What is the ten thousands digit of 46345?
4
What is the tens digit of 11605175?
7
What is the hundreds digit of 2994390?
3
What is the tens digit of 358114?
1
What is the thousands digit of 130900?
0
What is the hundred thousands digit of 887684?
8
What is the thousands digit of 941918?
1
What is the hundred thousands digit of 971058?
9
What is the hundreds digit of 934791?
7
What is the thousands digit of 1281128?
1
What is the hundreds digit of 116429?
4
What is the units digit of 29428?
8
What is the hundreds digit of 2104172?
1
What is the thousands digit of 123037?
3
What is the hundreds digit of 1745967?
9
What is the thousands digit of 350285?
0
What is the ten thousands digit of 6884887?
8
What is the hundreds digit of 20825882?
8
What is the thousands digit of 192905?
2
What is the hundred thousands digit of 288935?
2
What is the tens digit of 14865339?
3
What is the hundreds digit of 8356?
3
What is the ten thousands digit of 62369?
6
What is the ten thousands digit of 68440?
6
What is the hundreds digit of 719421?
4
What is the hundreds digit of 339807?
8
What is the hundreds digit of 1001640?
6
What is the thousands digit of 685694?
5
What is the tens digit of 21823205?
0
What is the units digit of 119817?
7
What is the hundreds digit of 96772?
7
What is the ten thousands digit of 116916?
1
What is the ten thousands digit of 593930?
9
What is the thousands digit of 3557304?
7
What is the ten thousands digit of 8347855?
4
What is the millions digit of 16363431?
6
What is the thousands digit of 3858024?
8
What is the units digit of 763378?
8
What is the hundred thousands digit of 3080043?
0
What is the ten thousands digit of 1329610?
2
What is the ten thousands digit of 1787787?
8
What is the hundred thousands digit of 6995753?
9
What is the units digit of 12758?
8
What is the thousands digit of 11523711?
3
What is the thousands digit of 1140188?
0
What is the hundreds digit of 13957?
9
What is the millions digit of 2774468?
2
What is the hundreds digit of 9314500?
5
What is the hundreds digit of 170807?
8
What is the units digit of 149679?
9
What is the ten thousands digit of 436953?
3
What is the hundreds digit of 798175?
1
What is the thousands digit of 482149?
2
What is the millions digit of 6054411?
6
What is the units digit of 4302817?
7
What is the thousands digit of 158669?
8
What is the units digit of 13579578?
8
What is the thousands digit of 234553?
4
What is the hundred thousands digit of 373820?
3
What is the millions digit of 2315681?
2
What is the ten millions digit of 26986344?
2
What is the ten thousands digit of 275624?
7
What is the units digit of 11929031?
1
What is the ten thousands digit of 746447?
4
What is the units digit of 1426117?
7
What is the ten thousands digit of 94937?
9
What is the units digit of 8103115?
5
What is the hundred thousands digit of 302373?
3
What is the tens digit of 4255686?
8
What is the hundred thousands digit of 342568?
3
What is the hundred thousands digit of 101545?
1
What is the ten thousands digit of 492277?
9
What is the units digit of 5664589?
9
What is the ten thousands digit of 1853862?
5
What is the ten thousands digit of 289867?
8
What is the ten thousands digit of 13091244?
9
What is the tens digit of 7303942?
4
What is the tens digit of 506261?
6
What is the units digit of 2749060?
0
What is the thousands digit of 1846039?
6
What is the units digit of 30446?
6
What is the hundred thousands digit of 3451182?
4
What is the tens digit of 26879201?
0
What is the hundreds digit of 2931645?
6
What is the tens digit of 4205572?
7
What is the hundreds digit of 215355?
3
What is the hundreds digit of 189041?
0
What is the units digit of 713199?
9
What is the millions digit of 4037739?
4
What is the hundred thousands digit of 366276?
3
What is the ten thousands digit of 10292717?
9
What is the thousands digit of 8144699?
4
What is the hundred thousands digit of 769504?
7
What is the hundred thousands digit of 3982474?
9
What is the hundred thousands digit of 370102?
3
What is the hundreds digit of 859932?
9
What is the units digit of 1794758?
8
What is the thousands digit of 488335?
8
What is the tens digit of 597357?
5
What is the units digit of 113635?
5
What is the units digit of 17328061?
1
What is the thousands digit of 637148?
7
What is the thousands digit of 37835192?
5
What is the ten thousands digit of 8115955?
1
What is the tens digit of 1768528?
2
What is the units digit of 1390532?
2
What is the hundreds digit of 1069827?
8
What is the hundreds digit of 271012?
0
What is the hundred thousands digit of 2605964?
6
What is the units digit of 301242?
2
What is the tens digit of 464616?
1
What is the ten thousands digit of 2462209?
6
What is the units digit of 207704?
4
What is the units digit of 215515?
5
What is the hundred thousands digit of 883003?
8
What is the ten thousands digit of 233302?
3
What is the units digit of 10698965?
5
What is the thousands digit of 15645308?
5
What is the ten thousands digit of 68968?
6
What is the ten millions digit of 14470882?
1
What is the ten thousands digit of 7958589?
5
What is the hundred thousands digit of 4169316?
1
What is the thousands digit of 518390?
8
What is the ten thousands digit of 2096868?
9
What is the thousands digit of 534686?
4
What is the millions digit of 12074296?
2
What is the hundred thousands digit of 1999738?
9
What is the thousands digit of 6250606?
0
What is the tens digit of 467160?
6
What is the thousands digit of 7884314?
4
What is the thousands digit of 1174406?
4
What is the hundred thousands digit of 1654489?
6
What is the units digit of 441081?
1
What is the hundred thousands digit of 5427771?
4
What is the ten thousands digit of 3186340?
8
What is the ten thousands digit of 123199?
2
What is the hundred thousands digit of 571037?
5
What is the hundred thousands digit of 372286?
3
What is the thousands digit of 5797838?
7
What is the ten millions digit of 16164622?
1
What is the hundreds digit of 828842?
8
What is the thousands digit of 4114094?
4
What is the tens digit of 1001487?
8
What is the millions digit of 2077702?
2
What is the thousands digit of 850117?
0
What is the hundred thousands digit of 715746?
7
What is the units digit of 2470745?
5
What is the thousands digit of 13561?
3
What is the hundreds digit of 4129111?
1
What is the ten thousands digit of 8410619?
1
What is the ten thousands digit of 370827?
7
What i